Is 2199244427 prime?
True
Is 226388537 composite?
False
Is 80438430259 a prime number?
False
Is 5735798977 prime?
True
Is 26944271273 a prime number?
True
Is 948446207 a prime number?
False
Is 49366665847 prime?
True
Is 447025039 prime?
True
Is 1505248049 composite?
False
Is 80924984489 prime?
True
Is 1554517819 prime?
True
Is 15660409547 a prime number?
True
Is 3412457473 prime?
True
Is 8313353 prime?
True
Is 8309798411 a composite number?
True
Is 138341794 a prime number?
False
Is 342501350411 a composite number?
True
Is 5100002969 a prime number?
False
Is 3647897521 composite?
False
Is 806001751 prime?
True
Is 2848742107 prime?
False
Is 258591001 a prime number?
False
Is 4132030321 prime?
True
Is 699318383 composite?
True
Is 907301047 composite?
True
Is 706976393 a prime number?
True
Is 1211201357 a prime number?
False
Is 13375449863 a composite number?
False
Is 5950766797 prime?
False
Is 48047159 composite?
False
Is 449309603 composite?
True
Is 913976477 a prime number?
True
Is 3509569801 composite?
True
Is 8811824249 prime?
True
Is 60824959823 composite?
True
Is 415139887 a prime number?
True
Is 8426012401 a prime number?
False
Is 13025729 composite?
True
Is 3755456923 composite?
True
Is 87275497 prime?
True
Is 37185384053 prime?
True
Is 8788641937 a prime number?
True
Is 1555813471 prime?
False
Is 73045370759 prime?
True
Is 154771403 composite?
False
Is 2648879 prime?
True
Is 9716562059 a composite number?
False
Is 245464561 a composite number?
True
Is 2049263387 a composite number?
False
Is 32225509261 prime?
False
Is 2607386317 a composite number?
True
Is 59224856459 a prime number?
False
Is 1862977409 a composite number?
True
Is 53038026647 a prime number?
True
Is 11767552737 composite?
True
Is 744685169 a composite number?
False
Is 14797443503 a composite number?
False
Is 1225397 prime?
True
Is 976358839 a prime number?
True
Is 7375635901 prime?
False
Is 500261579 a composite number?
False
Is 34542207577 a composite number?
True
Is 44837556811 a prime number?
False
Is 1705360841 prime?
True
Is 8338485443 a composite number?
False
Is 7160036933 a composite number?
True
Is 1702181981 a composite number?
False
Is 7944740857 composite?
True
Is 42146777 a composite number?
True
Is 3012366919 composite?
False
Is 57500608377 a prime number?
False
Is 12609899189 composite?
False
Is 3349081213 a prime number?
True
Is 151276109 a prime number?
True
Is 87686766941 a composite number?
True
Is 874444309 a composite number?
True
Is 572788739 prime?
True
Is 70603977187 prime?
False
Is 156846485083 prime?
True
Is 637822217 composite?
False
Is 10758449267 prime?
True
Is 1788318971 composite?
True
Is 111820042813 prime?
False
Is 90864234229 a prime number?
True
Is 123067931 prime?
False
Is 308845289 a composite number?
False
Is 1141383679 composite?
False
Is 87974893399 prime?
True
Is 4816944707 a prime number?
True
Is 732257959 a prime number?
False
Is 14026211 composite?
False
Is 54042516139 a composite number?
True
Is 2275680347 prime?
True
Is 38257279099 prime?
False
Is 3093753821 a composite number?
False
Is 224757797 prime?
False
Is 10940720671 composite?
True
Is 3791100239 a composite number?
True
Is 948046027 a prime number?
True
Is 3018226553 a prime number?
True
Is 23727685481 prime?
True
Is 9428259563 composite?
False
Is 25079349311 a prime number?
True
Is 41679934597 composite?
True
Is 30102886871 a composite number?
False
Is 17974008517 composite?
False
Is 1608005551 a composite number?
False
Is 943815259 a prime number?
False
Is 694748449 prime?
False
Is 584302165 prime?
False
Is 682961129 a composite number?
False
Is 3216891947 a composite number?
False
Is 3028276703 prime?
True
Is 126505817 a composite number?
True
Is 1769230819 a composite number?
True
Is 1244968657 a composite number?
True
Is 369509045 a prime number?
False
Is 45841459453 a prime number?
True
Is 8516242351 prime?
False
Is 2397603379 a composite number?
True
Is 45034565971 prime?
True
Is 4217925739 a composite number?
False
Is 594084563 prime?
True
Is 1156561433 a prime number?
False
Is 39257989 a composite number?
True
Is 1901696749 a prime number?
True
Is 83920202071 a composite number?
False
Is 6631654427 prime?
True
Is 56255037929 prime?
True
Is 14557248451 a composite number?
False
Is 410992202 a prime number?
False
Is 114942013 composite?
False
Is 45764263201 a prime number?
True
Is 138554183 prime?
True
Is 40723036489 prime?
True
Is 35880277 a prime number?
False
Is 2807906879 a composite number?
True
Is 2940150533 a prime number?
True
Is 83939575153 a composite number?
True
Is 50806193131 a prime number?
False
Is 2064188717 a prime number?
False
Is 182880133 composite?
False
Is 45805308187 prime?
True
Is 33329043851 composite?
False
Is 81379841669 a prime number?
False
Is 67147609937 prime?
False
Is 33742582177 composite?
False
Is 8372022203 prime?
True
Is 566173907 composite?
True
Is 94150858537 a composite number?
False
Is 26075514163 a composite number?
True
Is 16184525573 composite?
True
Is 4883963423 composite?
True
Is 4705710079 a prime number?
False
Is 1966989929 a prime number?
True
Is 3040360949 composite?
False
Is 1967296183 prime?
False
Is 1924256219 a prime number?
True
Is 10881030293 composite?
True
Is 203430103 a composite number?
True
Is 29403210997 composite?
True
Is 61005128417 composite?
True
Is 7153303109 composite?
False
Is 448366819 prime?
False
Is 1347803159 composite?
True
Is 1582229101 prime?
False
Is 4795032677 prime?
True
Is 2137778579 prime?
True
Is 77601009533 a prime number?
True
Is 1198829123 a composite number?
False
Is 3192909149 a composite number?
False
Is 19359915217 prime?
True
Is 31166367205 composite?
True
Is 3222548951 prime?
False
Is 44129099227 composite?
True
Is 45677451569 prime?
True
Is 905573719 a prime number?
False
Is 126290931283 prime?
False
Is 23169329627 a prime number?
True
Is 6278043761 a composite number?
True
Is 7590342163 a prime number?
False
Is 603158519 a composite number?
True
Is 668139833 composite?
False
Is 57245841049 composite?
False
Is 828457997 a composite number?
False
Is 5248133029 composite?
False
Is 16364733787 composite?
True
Is 210702859 a prime number?
False
Is 293727137861 a composite number?
True
Is 332215711 composite?
True
Is 64281216373 a prime number?
False
Is 188301829 prime?
True
Is 13556127881 a prime number?
True
Is 227700191 a prime number?
False
Is 4068020081 prime?
True
Is 1670999861 prime?
True
Is 65630898793 a prime number?
True
Is 135593137 composite?
True
Is 1925537849 composite?
True
Is 1455414673 a composite number?
True
Is 261010565513 composite?
False
Is 87121819 a composite number?
True
Is 75903447161 a composite number?
False
Is 11640771083 a prime number?
True
Is 257889677 a composite number?
True
Is 2199603963 a composite number?
True
Is 14400866959 a composite number?
False
Is 603402089 a composite number?
False
Is 1018306063 a composite number?
False
Is 3107772457 a composite number?
True
Is 108386499253 a composite number?
False
Is 3377678531 composite?
False
Is 339358337 a composite number?
False
Is 25952005999 a composite number?
True
Is 48396715933 composite?
True
Is 2898431351 a prime number?
False
Is 163288987 prime?
True
Is 4086282583 a composite number?
True
Is 8002710238 prime?
False
Is 2370787577 composite?
False
Is 599224247 composite?
False
Is 13901382109 a composite number?
False
Is 11223747349 a prime number?
False
Is 2372006359 prime?
True
Is 344577139 a composite number?
True
Is 21925596191 prime?
True
Is 38005446679 prime?
True
Is 7160458586 composite?
True
Is 1653216671 composite?
False
Is 22271751365 composite?
True
Is 35573774701 prime?
False
Is 3820531849 composite?
False
Is 366937409 a composite number?
False
Is 3332105093 composite?
False
Is 8660447743 a composite number?
True
Is 714584989 prime?
False
Is 434944222 a composite number?
True
Is 8316728362 a composite number?
True
Is 4005917473 composite?
False
Is 15962589551 prime?
False
Is 7277036197 a composite number?
True
Is 10288458571 a prime number?
True
Is 16191604453 a prime number?
False
Is 2695538141 a composite number?
True
Is 302771059 prime?
True
Is 6201400939 a composite number?
False
Is 1120852371 composite?
True
Is 1980868271 prime?
False
Is 13715349221 composite?
True
